 is divided by 1134.
1132
Calculate the remainder when 15636 is divided by 257.
216
What is the remainder when 137882 is divided by 139?
133
What is the remainder when 28523 is divided by 194?
5
What is the remainder when 81 is divided by 69?
12
What is the remainder when 1742243 is divided by 85?
83
Calculate the remainder when 105095 is divided by 87.
86
Calculate the remainder when 2203 is divided by 25.
3
What is the remainder when 979 is divided by 408?
163
Calculate the remainder when 56969 is divided by 137.
114
What is the remainder when 3888 is divided by 278?
274
What is the remainder when 6618 is divided by 187?
73
What is the remainder when 113987 is divided by 92?
91
Calculate the remainder when 2588 is divided by 44.
36
What is the remainder when 6221 is divided by 3108?
5
Calculate the remainder when 1908860 is divided by 29.
22
Calculate the remainder when 2524140 is divided by 731.
728
Calculate the remainder when 204730 is divided by 396.
394
What is the remainder when 2671107 is divided by 9?
6
Calculate the remainder when 41957 is divided by 1167.
1112
What is the remainder when 321 is divided by 152?
17
Calculate the remainder when 103027 is divided by 113.
84
What is the remainder when 9203899 is divided by 1824?
1819
What is the remainder when 3992 is divided by 141?
44
Calculate the remainder when 192766 is divided by 141.
19
What is the remainder when 11601 is divided by 1447?
25
Calculate the remainder when 1759 is divided by 428.
47
What is the remainder when 287070 is divided by 191?
188
Calculate the remainder when 4444 is divided by 470.
214
What is the remainder when 39016 is divided by 137?
108
What is the remainder when 519 is divided by 199?
121
Calculate the remainder when 27405 is divided by 41.
17
Calculate the remainder when 33828 is divided by 16885.
58
What is the remainder when 297148 is divided by 163?
162
Calculate the remainder when 184203 is divided by 338.
331
Calculate the remainder when 5881 is divided by 230.
131
Calculate the remainder when 34821 is divided by 3866.
27
Calculate the remainder when 2203906 is divided by 28.
26
Calculate the remainder when 511767 is divided by 53.
52
Calculate the remainder when 101060 is divided by 33684.
8
Calculate the remainder when 9357 is divided by 15.
12
Calculate the remainder when 37845 is divided by 37795.
50
What is the remainder when 826338 is divided by 316?
314
Calculate the remainder when 66896 is divided by 147.
11
What is the remainder when 25535 is divided by 112?
111
Calculate the remainder when 5051 is divided by 81.
29
Calculate the remainder when 23461 is divided by 23459.
2
What is the remainder when 17579 is divided by 157?
152
Calculate the remainder when 12440 is divided by 84.
8
Calculate the remainder when 104552 is divided by 7468.
0
Calculate the remainder when 169583 is divided by 1804.
7
Calculate the remainder when 8217 is divided by 2600.
417
What is the remainder when 79413 is divided by 64?
53
What is the remainder when 10835 is divided by 547?
442
Calculate the remainder when 814 is divided by 68.
66
What is the remainder when 5368 is divided by 214?
18
Calculate the remainder when 358147 is divided by 59690.
7
Calculate the remainder when 3518 is divided by 136.
118
What is the remainder when 1392 is divided by 76?
24
Calculate the remainder when 289124 is divided by 997.
991
Calculate the remainder when 1037 is divided by 8.
5
What is the remainder when 85639 is divided by 51?
10
What is the remainder when 2412 is divided by 1148?
116
What is the remainder when 91390 is divided by 974?
808
Calculate the remainder when 10457 is divided by 3463.
68
What is the remainder when 31693 is divided by 1274?
1117
What is the remainder when 1334 is divided by 50?
34
What is the remainder when 539945 is divided by 162?
161
Calculate the remainder when 709 is divided by 127.
74
Calculate the remainder when 265226 is divided by 30.
26
What is the remainder when 2031 is divided by 37?
33
Calculate the remainder when 21923 is divided by 24.
11
Calculate the remainder when 3081 is divided by 283.
251
Calculate the remainder when 2833679 is divided by 7418.
3
Calculate the remainder when 268 is divided by 205.
63
What is the remainder when 59156 is divided by 34?
30
Calculate the remainder when 55720 is divided by 646.
164
Calculate the remainder when 96865 is divided by 392.
41
Calculate the remainder when 72523 is divided by 6.
1
Calculate the remainder when 6370 is divided by 171.
43
Calculate the remainder when 114896 is divided by 283.
281
What is the remainder when 46527 is divided by 475?
452
What is the remainder when 5934 is divided by 1461?
90
Calculate the remainder when 6974 is divided by 113.
81
What is the remainder when 68847 is divided by 389?
383
What is the remainder when 853570 is divided by 498?
496
What is the remainder when 20863 is divided by 1043?
3
What is the remainder when 558753 is divided by 164?
5
Calculate the remainder when 9502 is divided by 46.
26
What is the remainder when 234888 is divided by 225?
213
Calculate the remainder when 56669 is divided by 14.
11
What is the remainder when 91947 is divided by 23?
16
Calculate the remainder when 12408 is divided by 97.
89
Calculate the remainder when 7591 is divided by 46.
1
Calculate the remainder when 185266 is divided by 133.
130
What is the remainder when 24470 is divided by 507?
134
What is the remainder when 5729 is divided by 78?
35
Calculate the remainder when 2422 is divided by 488.
470
What is the remainder when 52750 is divided by 13?
9
What is the remainder when 308045 is divided by 33?
23
Calculate the remainder when 54556 is divided by 27124.
308
What is the remainder when 385037 is divided by 2151?
8
What is the remainder when 83182 is divided by 98?
78
Calculate the remainder when 6390 is divided by 41.
35
What is the remainder when 9067 is divided by 9022?
45
What is the remainder when 370 is divided by 356?
14
What is the remainder when 36993 is divided by 56?
33
Calculate the remainder when 5423 is divided by 1405.
1208
What is the remainder when 100474 is divided by 131?
128
What is the remainder when 18813 is divided by 238?
11
What is the remainder when 137877 is divided by 20?
17
Calculate the remainder when 2547 is divided by 85.
82
What is the remainder when 212458 is divided by 27?
22
Calculate the remainder when 701 is divided by 440.
261
What is the remainder when 24475 is divided by 59?
49
Calculate the remainder when 64652 is divided by 245.
217
Calculate the remainder when 273324 is divided by 91090.
54
What is the remainder when 6942 is divided by 310?
122
Calculate the remainder when 130273 is divided by 75.
73
What is the remainder when 20606 is divided by 90?
86
What is the remainder when 772 is divided by 301?
170
Calculate the remainder when 685378 is divided by 18.
10
What is the remainder when 1437 is divided by 1328?
109
Calculate the remainder when 12132 is divided by 10328.
1804
What is the remainder when 1028508 is divided by 297?
294
What is the remainder when 17134 is divided by 1318?
0
What is the remainder when 4183 is divided by 301?
270
What is the remainder when 17396 is divided by 598?
54
What is the remainder when 81305 is divided by 683?
28
Calculate the remainder when 3432 is divided by 479.
79
Calculate the remainder when 22243 is divided by 7397.
52
What is the remainder when 5177 is divided by 3837?
1340
What is the remainder when 2805 is divided by 42?
33
What is the remainder when 13298 is divided by 1480?
1458
Calculate the remainder when 169 is divided by 55.
4
Calculate the remainder when 456 is divided by 224.
8
What is the remainder when 192533 is divided by 6?
5
Calculate the remainder when 609050 is divided by 203016.
2
Calculate the remainder when 5076 is divided by 1656.
108
Calculate the remainder when 9321 is divided by 9197.
124
Calculate the remainder when 13139 is divided by 55.
49
Calculate the remainder when 22717 is divided by 1204.
1045
Calculate the remainder when 438878 is divided by 260.
258
Calculate the remainder when 2756 is divided by 161.
19
Calculate the remainder when 37354 is divided by 12290.
484
Calculate the remainder when 29885 is divided by 564.
557
What is the remain